{"id":368,"date":"2023-12-11T20:10:54","date_gmt":"2023-12-11T20:10:54","guid":{"rendered":"https:\/\/eupp.es\/?page_id=368"},"modified":"2023-12-11T20:16:15","modified_gmt":"2023-12-11T20:16:15","slug":"politica-de-cookies","status":"publish","type":"page","link":"https:\/\/eupp.es\/index.php\/politica-de-cookies\/","title":{"rendered":"Pol\u00edtica de Cookies"},"content":{"rendered":"\t\t<div data-elementor-type=\"wp-page\" data-elementor-id=\"368\" class=\"elementor elementor-368\" data-elementor-post-type=\"page\">\n\t\t\t\t\t\t\t<div class=\"elementor-element elementor-element-fdac6d6 e-flex e-con-boxed e-con e-parent\" data-id=\"fdac6d6\" data-element_type=\"container\" data-settings=\"{&quot;content_width&quot;:&quot;boxed&quot;}\" data-core-v316-plus=\"true\">\n\t\t\t\t\t<div class=\"e-con-inner\">\n\t\t\t\t<div class=\"elementor-element elementor-element-fa786a9 elementor-widget elementor-widget-heading\" data-id=\"fa786a9\" data-element_type=\"widget\" data-widget_type=\"heading.default\">\n\t\t\t\t<div class=\"elementor-widget-container\">\n\t\t\t<style>\/*! elementor - v3.18.0 - 04-12-2023 *\/\n.elementor-heading-title{padding:0;margin:0;line-height:1}.elementor-widget-heading .elementor-heading-title[class*=elementor-size-]>a{color:inherit;font-size:inherit;line-height:inherit}.elementor-widget-heading .elementor-heading-title.elementor-size-small{font-size:15px}.elementor-widget-heading .elementor-heading-title.elementor-size-medium{font-size:19px}.elementor-widget-heading .elementor-heading-title.elementor-size-large{font-size:29px}.elementor-widget-heading .elementor-heading-title.elementor-size-xl{font-size:39px}.elementor-widget-heading .elementor-heading-title.elementor-size-xxl{font-size:59px}<\/style><h2 class=\"elementor-heading-title elementor-size-default\">Pol\u00edtica de Cookies<\/h2>\t\t<\/div>\n\t\t\t\t<\/div>\n\t\t\t\t\t<\/div>\n\t\t\t\t<\/div>\n\t\t<div class=\"elementor-element elementor-element-52920ba e-flex e-con-boxed e-con e-parent\" data-id=\"52920ba\" data-element_type=\"container\" data-settings=\"{&quot;content_width&quot;:&quot;boxed&quot;}\" data-core-v316-plus=\"true\">\n\t\t\t\t\t<div class=\"e-con-inner\">\n\t\t\t\t<div class=\"elementor-element elementor-element-2d0d83c elementor-widget elementor-widget-text-editor\" data-id=\"2d0d83c\" data-element_type=\"widget\" data-widget_type=\"text-editor.default\">\n\t\t\t\t<div class=\"elementor-widget-container\">\n\t\t\t<style>\/*! elementor - v3.18.0 - 04-12-2023 *\/\n.elementor-widget-text-editor.elementor-drop-cap-view-stacked .elementor-drop-cap{background-color:#69727d;color:#fff}.elementor-widget-text-editor.elementor-drop-cap-view-framed .elementor-drop-cap{color:#69727d;border:3px solid;background-color:transparent}.elementor-widget-text-editor:not(.elementor-drop-cap-view-default) .elementor-drop-cap{margin-top:8px}.elementor-widget-text-editor:not(.elementor-drop-cap-view-default) .elementor-drop-cap-letter{width:1em;height:1em}.elementor-widget-text-editor .elementor-drop-cap{float:left;text-align:center;line-height:1;font-size:50px}.elementor-widget-text-editor .elementor-drop-cap-letter{display:inline-block}<\/style>\t\t\t\t<p><strong>EUPP &#8211; EUROPEAN PRIVACY PROTECT<\/strong>, en cumplimiento de la \u00abLey de Servicios de la Sociedad de la Informaci\u00f3n\u00bb (LSSI) y el Real Decreto 13\/2012, informa sobre el uso de cookies en su sitio web.<\/p><h4>\u00a0<\/h4><h4><strong>\u00bfQu\u00e9 son las Cookies?<\/strong><\/h4><p>Las cookies son peque\u00f1os archivos de texto que se almacenan en el dispositivo del usuario para recoger informaci\u00f3n sobre su navegaci\u00f3n y mejorar la experiencia en el sitio web. Estas pueden ser cookies propias o de terceros y var\u00edan en su tipo y finalidad.<\/p><h4>\u00a0<\/h4><h4><strong>Tipos de Cookies y su Finalidad<\/strong><\/h4><ul><li><strong>Cookies T\u00e9cnicas y Funcionales<\/strong>: Necesarias para la navegaci\u00f3n y el buen funcionamiento del sitio web. Incluyen, por ejemplo, identificaci\u00f3n de sesi\u00f3n y preferencias de idioma.<\/li><li><strong>Cookies Anal\u00edticas<\/strong>: Utilizadas para recoger estad\u00edsticas sobre el uso y rendimiento del sitio web. Ejemplos de estas cookies incluyen Google Analytics.<\/li><li><strong>Cookies de Redes Sociales<\/strong>: Permiten interactuar con redes sociales externas.<\/li><li><strong>Cookies de Publicidad y Comportamentales<\/strong>: Recogen informaci\u00f3n sobre las preferencias y elecciones del usuario para mostrar publicidad personalizada.<\/li><li><strong>Otras Cookies<\/strong>: Pueden incluir cookies de afiliados o de seguimiento seg\u00fan las necesidades del sitio web.<\/li><\/ul><h4>\u00a0<\/h4><h4><strong>Qu\u00e9 Cookies Utilizamos<\/strong><\/h4><h5>Cookies T\u00e9cnicas y Funcionales:<\/h5><ul><li><strong>PHPSESSID<\/strong>: Cookie t\u00e9cnica propia utilizada para mantener la sesi\u00f3n del usuario. Se elimina al cerrar el navegador.<\/li><li><strong>_lang<\/strong>: Cookie t\u00e9cnica propia que guarda el idioma seleccionado por el usuario. Se elimina al cerrar el navegador.<\/li><li><strong>ac_cookies<\/strong>: Cookie t\u00e9cnica propia que registra si se ha aceptado la instalaci\u00f3n de cookies. Tiene una duraci\u00f3n de 1 a\u00f1o.<\/li><\/ul><h5>\u00a0<\/h5><h5><strong>Cookies Anal\u00edticas:<\/strong><\/h5><ul><li><strong>_ga<\/strong>: Cookie anal\u00edtica de Google Analytics. Se utiliza para distinguir a los usuarios y tiene una duraci\u00f3n de 2 a\u00f1os.<\/li><li><strong>_gat<\/strong>: Cookie anal\u00edtica de Google Analytics. Se utiliza para limitar la velocidad de petici\u00f3n y tiene una duraci\u00f3n de 10 minutos.<\/li><li><strong>_gid<\/strong>: Cookie anal\u00edtica de Google Analytics. Se utiliza para distinguir a los usuarios y tiene una duraci\u00f3n de 24 horas.<\/li><\/ul><h4>\u00a0<\/h4><h4><strong>Gesti\u00f3n de Cookies<\/strong><\/h4><p>El usuario tiene la opci\u00f3n de aceptar o rechazar el uso de cookies, excepto las t\u00e9cnicas y funcionales que son necesarias para el funcionamiento del sitio. El consentimiento para el uso de cookies se puede modificar a trav\u00e9s de la configuraci\u00f3n del navegador.<\/p><h4>\u00a0<\/h4><h4><strong>C\u00f3mo Eliminar las Cookies del Navegador<\/strong><\/h4><p>El usuario puede eliminar las cookies mediante la configuraci\u00f3n de su navegador. Las instrucciones para la gesti\u00f3n de cookies var\u00edan seg\u00fan el navegador utilizado y pueden encontrarse en la secci\u00f3n de ayuda del mismo.<\/p><h4>\u00a0<\/h4><h4><strong>Derechos del Usuario<\/strong><\/h4><p>Los usuarios tienen derecho a retirar su consentimiento en cualquier momento y a ejercer sus derechos de acceso, rectificaci\u00f3n, supresi\u00f3n, limitaci\u00f3n, oposici\u00f3n y portabilidad de sus datos. Para ejercer estos derechos, pueden contactar a EUPP &#8211; EUROPEAN PRIVACY PROTECT.<\/p><h4>\u00a0<\/h4><h4><strong>Cambios en la Pol\u00edtica de Cookies<\/strong><\/h4><p>EUPP &#8211; EUROPEAN PRIVACY PROTECT se reserva el derecho de modificar esta Pol\u00edtica de Cookies para adaptarla a cambios legislativos o nuevas pr\u00e1cticas de gesti\u00f3n de cookies.<\/p><h4>\u00a0<\/h4><h4><strong>Contacto<\/strong><\/h4><p>Para cualquier consulta sobre esta pol\u00edtica, los usuarios pueden contactar con EUPP &#8211; EUROPEAN PRIVACY PROTECT a trav\u00e9s del correo info@eupp.es.<\/p>\t\t\t\t\t\t<\/div>\n\t\t\t\t<\/div>\n\t\t\t\t\t<\/div>\n\t\t\t\t<\/div>\n\t\t\t\t\t\t\t<\/div>\n\t\t","protected":false},"excerpt":{"rendered":"<p>Pol\u00edtica de Cookies EUPP &#8211; EUROPEAN PRIVACY PROTECT, en cumplimiento de la \u00abLey de Servicios de la Sociedad de la Informaci\u00f3n\u00bb (LSSI) y el Real Decreto 13\/2012, informa sobre el uso de cookies en su sitio web. \u00a0 \u00bfQu\u00e9 son las Cookies? Las cookies son peque\u00f1os archivos de texto que se almacenan en el dispositivo [&hellip;]<\/p>\n","protected":false},"author":1,"featured_media":0,"parent":0,"menu_order":0,"comment_status":"closed","ping_status":"closed","template":"","meta":{"footnotes":""},"class_list":["post-368","page","type-page","status-publish","hentry"],"_links":{"self":[{"href":"https:\/\/eupp.es\/index.php\/wp-json\/wp\/v2\/pages\/368","targetHints":{"allow":["GET"]}}],"collection":[{"href":"https:\/\/eupp.es\/index.php\/wp-json\/wp\/v2\/pages"}],"about":[{"href":"https:\/\/eupp.es\/index.php\/wp-json\/wp\/v2\/types\/page"}],"author":[{"embeddable":true,"href":"https:\/\/eupp.es\/index.php\/wp-json\/wp\/v2\/users\/1"}],"replies":[{"embeddable":true,"href":"https:\/\/eupp.es\/index.php\/wp-json\/wp\/v2\/comments?post=368"}],"version-history":[{"count":13,"href":"https:\/\/eupp.es\/index.php\/wp-json\/wp\/v2\/pages\/368\/revisions"}],"predecessor-version":[{"id":381,"href":"https:\/\/eupp.es\/index.php\/wp-json\/wp\/v2\/pages\/368\/revisions\/381"}],"wp:attachment":[{"href":"https:\/\/eupp.es\/index.php\/wp-json\/wp\/v2\/media?parent=368"}],"curies":[{"name":"wp","href":"https:\/\/api.w.org\/{rel}","templated":true}]}}