{"id":351,"date":"2023-12-11T19:10:38","date_gmt":"2023-12-11T19:10:38","guid":{"rendered":"https:\/\/eupp.es\/?page_id=351"},"modified":"2023-12-11T19:17:14","modified_gmt":"2023-12-11T19:17:14","slug":"politica-de-privacidad","status":"publish","type":"page","link":"https:\/\/eupp.es\/index.php\/politica-de-privacidad\/","title":{"rendered":"Pol\u00edtica de Privacidad"},"content":{"rendered":"\t\t<div data-elementor-type=\"wp-page\" data-elementor-id=\"351\" class=\"elementor elementor-351\" data-elementor-post-type=\"page\">\n\t\t\t\t\t\t\t<div class=\"elementor-element elementor-element-c3d2184 e-flex e-con-boxed e-con e-parent\" data-id=\"c3d2184\" data-element_type=\"container\" data-settings=\"{&quot;content_width&quot;:&quot;boxed&quot;}\" data-core-v316-plus=\"true\">\n\t\t\t\t\t<div class=\"e-con-inner\">\n\t\t\t\t<div class=\"elementor-element elementor-element-14b0ae9 elementor-widget elementor-widget-heading\" data-id=\"14b0ae9\" data-element_type=\"widget\" data-widget_type=\"heading.default\">\n\t\t\t\t<div class=\"elementor-widget-container\">\n\t\t\t<style>\/*! elementor - v3.18.0 - 04-12-2023 *\/\n.elementor-heading-title{padding:0;margin:0;line-height:1}.elementor-widget-heading .elementor-heading-title[class*=elementor-size-]>a{color:inherit;font-size:inherit;line-height:inherit}.elementor-widget-heading .elementor-heading-title.elementor-size-small{font-size:15px}.elementor-widget-heading .elementor-heading-title.elementor-size-medium{font-size:19px}.elementor-widget-heading .elementor-heading-title.elementor-size-large{font-size:29px}.elementor-widget-heading .elementor-heading-title.elementor-size-xl{font-size:39px}.elementor-widget-heading .elementor-heading-title.elementor-size-xxl{font-size:59px}<\/style><h2 class=\"elementor-heading-title elementor-size-default\">Pol\u00edtica de Privacidad<\/h2>\t\t<\/div>\n\t\t\t\t<\/div>\n\t\t\t\t\t<\/div>\n\t\t\t\t<\/div>\n\t\t<div class=\"elementor-element elementor-element-691876a e-flex e-con-boxed e-con e-parent\" data-id=\"691876a\" data-element_type=\"container\" data-settings=\"{&quot;content_width&quot;:&quot;boxed&quot;}\" data-core-v316-plus=\"true\">\n\t\t\t\t\t<div class=\"e-con-inner\">\n\t\t\t\t<div class=\"elementor-element elementor-element-07e7a9b elementor-widget elementor-widget-text-editor\" data-id=\"07e7a9b\" data-element_type=\"widget\" data-widget_type=\"text-editor.default\">\n\t\t\t\t<div class=\"elementor-widget-container\">\n\t\t\t<style>\/*! elementor - v3.18.0 - 04-12-2023 *\/\n.elementor-widget-text-editor.elementor-drop-cap-view-stacked .elementor-drop-cap{background-color:#69727d;color:#fff}.elementor-widget-text-editor.elementor-drop-cap-view-framed .elementor-drop-cap{color:#69727d;border:3px solid;background-color:transparent}.elementor-widget-text-editor:not(.elementor-drop-cap-view-default) .elementor-drop-cap{margin-top:8px}.elementor-widget-text-editor:not(.elementor-drop-cap-view-default) .elementor-drop-cap-letter{width:1em;height:1em}.elementor-widget-text-editor .elementor-drop-cap{float:left;text-align:center;line-height:1;font-size:50px}.elementor-widget-text-editor .elementor-drop-cap-letter{display:inline-block}<\/style>\t\t\t\t<h4><strong>Compromiso con la Protecci\u00f3n de Datos<\/strong><\/h4><p><strong>EUPP &#8211; EUROPEAN PRIVACY PROTECT<\/strong> est\u00e1 firmemente comprometido con el cumplimiento de la normativa espa\u00f1ola y europea de protecci\u00f3n de datos de car\u00e1cter personal, garantizando la plena observancia de las obligaciones dispuestas, as\u00ed como la implementaci\u00f3n de las medidas de seguridad establecidas en el Reglamento General de Protecci\u00f3n de Datos (RGPD) (UE) 2016\/679 y en la Ley Org\u00e1nica 3\/2018, sobre protecci\u00f3n de datos y derechos digitales (LOPD).<\/p><h4>\u00a0<\/h4><h4><strong>Recogida y Tratamiento de Datos Personales<\/strong><\/h4><p>Los datos personales se recogen a trav\u00e9s de nuestro sitio web, formularios de contacto, registro de usuarios o comunicaciones por correo electr\u00f3nico para las siguientes finalidades:<\/p><ul><li>Responder a consultas realizadas a trav\u00e9s de formularios de contacto o email.<\/li><li>Gestionar el registro de usuarios y proporcionar servicios contratados.<\/li><li>Enviar comunicaciones comerciales y promociones, previo consentimiento del usuario.<\/li><li>Realizar an\u00e1lisis estad\u00edsticos y estudios de mercado.<\/li><\/ul><h4>\u00a0<\/h4><h4><strong>Cesi\u00f3n y Transferencia de Datos<\/strong><\/h4><p>No se ceder\u00e1n datos personales a terceros, excepto por obligaci\u00f3n legal o para la prestaci\u00f3n de servicios contratados. Los proveedores de servicios incluyen, pero no se limitan a, Dropbox Inc., Facebook, Twitter, Google Plus y Mailchimp, todos los cuales operan bajo acuerdos de confidencialidad y cumplen con las normativas de protecci\u00f3n de datos aplicables.<\/p><h4>\u00a0<\/h4><h4><strong>Medidas de Seguridad<\/strong><\/h4><p>Hemos implementado medidas de seguridad t\u00e9cnicas y organizativas para proteger los datos personales contra accesos no autorizados, alteraciones indebidas, divulgaciones o destrucciones, garantizando la confidencialidad, integridad y calidad de la informaci\u00f3n.<\/p><h4>\u00a0<\/h4><h4><strong>Derechos de los Usuarios<\/strong><\/h4><p>Los usuarios tienen derecho a acceder, rectificar, suprimir sus datos, solicitar la limitaci\u00f3n del tratamiento, oponerse al mismo y solicitar la portabilidad de sus datos. Pueden ejercer estos derechos contactando a EUPP &#8211; EUROPEAN PRIVACY PROTECT.<\/p><h4>\u00a0<\/h4><h4><strong>Conservaci\u00f3n de Datos<\/strong><\/h4><p>Los datos personales se conservar\u00e1n durante el tiempo necesario para cumplir con la finalidad para la que se recabaron y conforme a las disposiciones legales vigentes.<\/p><h4>\u00a0<\/h4><h4><strong>Modificaciones de la Pol\u00edtica de Privacidad<\/strong><\/h4><p>EUPP &#8211; EUROPEAN PRIVACY PROTECT se reserva el derecho a modificar esta pol\u00edtica de privacidad para adaptarla a cambios legislativos o jurisprudenciales, anunciando los cambios con antelaci\u00f3n.<\/p><h4>\u00a0<\/h4><h4><strong>Contacto<\/strong><\/h4><p>Para cualquier duda o consulta sobre esta pol\u00edtica de privacidad, los usuarios pueden contactar con nosotros a trav\u00e9s del mail info@eupp.es<\/p>\t\t\t\t\t\t<\/div>\n\t\t\t\t<\/div>\n\t\t\t\t\t<\/div>\n\t\t\t\t<\/div>\n\t\t\t\t\t\t\t<\/div>\n\t\t","protected":false},"excerpt":{"rendered":"<p>Pol\u00edtica de Privacidad Compromiso con la Protecci\u00f3n de Datos EUPP &#8211; EUROPEAN PRIVACY PROTECT est\u00e1 firmemente comprometido con el cumplimiento de la normativa espa\u00f1ola y europea de protecci\u00f3n de datos de car\u00e1cter personal, garantizando la plena observancia de las obligaciones dispuestas, as\u00ed como la implementaci\u00f3n de las medidas de seguridad establecidas en el Reglamento General [&hellip;]<\/p>\n","protected":false},"author":1,"featured_media":0,"parent":0,"menu_order":0,"comment_status":"closed","ping_status":"closed","template":"","meta":{"footnotes":""},"class_list":["post-351","page","type-page","status-publish","hentry"],"_links":{"self":[{"href":"https:\/\/eupp.es\/index.php\/wp-json\/wp\/v2\/pages\/351","targetHints":{"allow":["GET"]}}],"collection":[{"href":"https:\/\/eupp.es\/index.php\/wp-json\/wp\/v2\/pages"}],"about":[{"href":"https:\/\/eupp.es\/index.php\/wp-json\/wp\/v2\/types\/page"}],"author":[{"embeddable":true,"href":"https:\/\/eupp.es\/index.php\/wp-json\/wp\/v2\/users\/1"}],"replies":[{"embeddable":true,"href":"https:\/\/eupp.es\/index.php\/wp-json\/wp\/v2\/comments?post=351"}],"version-history":[{"count":16,"href":"https:\/\/eupp.es\/index.php\/wp-json\/wp\/v2\/pages\/351\/revisions"}],"predecessor-version":[{"id":367,"href":"https:\/\/eupp.es\/index.php\/wp-json\/wp\/v2\/pages\/351\/revisions\/367"}],"wp:attachment":[{"href":"https:\/\/eupp.es\/index.php\/wp-json\/wp\/v2\/media?parent=351"}],"curies":[{"name":"wp","href":"https:\/\/api.w.org\/{rel}","templated":true}]}}