{"id":312,"date":"2023-12-11T18:37:33","date_gmt":"2023-12-11T18:37:33","guid":{"rendered":"https:\/\/eupp.es\/?page_id=312"},"modified":"2023-12-11T18:54:12","modified_gmt":"2023-12-11T18:54:12","slug":"aviso-legal","status":"publish","type":"page","link":"https:\/\/eupp.es\/index.php\/aviso-legal\/","title":{"rendered":"Aviso Legal"},"content":{"rendered":"\t\t<div data-elementor-type=\"wp-page\" data-elementor-id=\"312\" class=\"elementor elementor-312\" data-elementor-post-type=\"page\">\n\t\t\t\t\t\t\t<div class=\"elementor-element elementor-element-54ebd16 e-flex e-con-boxed e-con e-parent\" data-id=\"54ebd16\" data-element_type=\"container\" data-settings=\"{&quot;content_width&quot;:&quot;boxed&quot;}\" data-core-v316-plus=\"true\">\n\t\t\t\t\t<div class=\"e-con-inner\">\n\t\t\t\t<div class=\"elementor-element elementor-element-fa0a6e3 elementor-widget elementor-widget-heading\" data-id=\"fa0a6e3\" data-element_type=\"widget\" data-widget_type=\"heading.default\">\n\t\t\t\t<div class=\"elementor-widget-container\">\n\t\t\t<style>\/*! elementor - v3.18.0 - 04-12-2023 *\/\n.elementor-heading-title{padding:0;margin:0;line-height:1}.elementor-widget-heading .elementor-heading-title[class*=elementor-size-]>a{color:inherit;font-size:inherit;line-height:inherit}.elementor-widget-heading .elementor-heading-title.elementor-size-small{font-size:15px}.elementor-widget-heading .elementor-heading-title.elementor-size-medium{font-size:19px}.elementor-widget-heading .elementor-heading-title.elementor-size-large{font-size:29px}.elementor-widget-heading .elementor-heading-title.elementor-size-xl{font-size:39px}.elementor-widget-heading .elementor-heading-title.elementor-size-xxl{font-size:59px}<\/style><h2 class=\"elementor-heading-title elementor-size-default\">Aviso legal<\/h2>\t\t<\/div>\n\t\t\t\t<\/div>\n\t\t\t\t\t<\/div>\n\t\t\t\t<\/div>\n\t\t<div class=\"elementor-element elementor-element-05f3403 e-flex e-con-boxed e-con e-parent\" data-id=\"05f3403\" data-element_type=\"container\" data-settings=\"{&quot;content_width&quot;:&quot;boxed&quot;}\" data-core-v316-plus=\"true\">\n\t\t\t\t\t<div class=\"e-con-inner\">\n\t\t\t\t<div class=\"elementor-element elementor-element-fbaa468 elementor-widget elementor-widget-text-editor\" data-id=\"fbaa468\" data-element_type=\"widget\" data-widget_type=\"text-editor.default\">\n\t\t\t\t<div class=\"elementor-widget-container\">\n\t\t\t<style>\/*! elementor - v3.18.0 - 04-12-2023 *\/\n.elementor-widget-text-editor.elementor-drop-cap-view-stacked .elementor-drop-cap{background-color:#69727d;color:#fff}.elementor-widget-text-editor.elementor-drop-cap-view-framed .elementor-drop-cap{color:#69727d;border:3px solid;background-color:transparent}.elementor-widget-text-editor:not(.elementor-drop-cap-view-default) .elementor-drop-cap{margin-top:8px}.elementor-widget-text-editor:not(.elementor-drop-cap-view-default) .elementor-drop-cap-letter{width:1em;height:1em}.elementor-widget-text-editor .elementor-drop-cap{float:left;text-align:center;line-height:1;font-size:50px}.elementor-widget-text-editor .elementor-drop-cap-letter{display:inline-block}<\/style>\t\t\t\t<h4><strong>Cumplimiento de la Ley de los Servicios de la Sociedad de la Informaci\u00f3n (LSSI)<\/strong><\/h4><p><strong>EUPP &#8211; EUROPEAN PRIVACY PROTECT<\/strong>, en adelante denominado como el \u00abResponsable\u00bb del sitio web, cumple con las disposiciones de la Ley 34\/2002, de 11 de julio, de Servicios de la Sociedad de la Informaci\u00f3n y de Comercio Electr\u00f3nico (LSSICE), y proporciona a los usuarios este documento para definir las Condiciones de Uso de su sitio web.<\/p><h4>\u00a0<\/h4><h4><strong>Identificaci\u00f3n del Responsable del Tratamiento<\/strong><\/h4><ul><li>Nombre de Dominio: www.eupp.es<\/li><li>Nombre Comercial:EUPP &#8211; EUROPEAN PRIVACY PROTECT\u00a0<\/li><li>Denominaci\u00f3n Social: The MUN Hub S.L.<\/li><li>CIF \/ NIF: B88590435<\/li><li>Domicilio Social: Calle Tom\u00e1s Bret\u00f3n, 20 CP:28045 Madrid<\/li><li>Actividad: Consultor\u00eda de protecci\u00f3n de datos<\/li><li>Tel\u00e9fono: 91 539 81 84<\/li><li>Email: info@eupp.es<\/li><\/ul><h4>\u00a0<\/h4><h4><strong>Finalidad del Sitio Web<\/strong><\/h4><p>El sitio web de EUPP &#8211; EUROPEAN PRIVACY PROTECT tiene como finalidades:<\/p><ul><li>Proveer informaci\u00f3n sobre nuestros servicios y productos de consultor\u00eda en protecci\u00f3n de datos.<\/li><li>Divulgar informaci\u00f3n y actualizaciones relevantes en el \u00e1mbito de la protecci\u00f3n de datos.<\/li><li>Gestionar la interacci\u00f3n con los usuarios, incluyendo comentarios, suscripciones y consultas.<\/li><\/ul><h4>\u00a0<\/h4><h4><strong>Marco Normativo<\/strong><\/h4><p>Nuestra actividad se rige por el marco legal espa\u00f1ol y europeo, incluyendo:<\/p><ul><li>Reglamento General de Protecci\u00f3n de Datos (RGPD) (UE) 2016\/679.<\/li><li>Ley Org\u00e1nica 3\/2018, sobre protecci\u00f3n de datos y derechos digitales (LOPD y GDD).<\/li><li>Ley 34\/2002, de Servicios de la Sociedad de la Informaci\u00f3n y del Comercio Electr\u00f3nico (LSSICE).<\/li><li>Ley General para la Defensa de los Consumidores y Usuarios (LGDCU).<\/li><\/ul><h4>\u00a0<\/h4><h4><strong>Uso del Sitio Web y Responsabilidades<\/strong><\/h4><p>Al acceder a este sitio web, el usuario se compromete a usar la informaci\u00f3n y servicios conforme a la ley, el orden p\u00fablico y estas Condiciones de Uso. EUPP &#8211; EUROPEAN PRIVACY PROTECT no se responsabiliza de los da\u00f1os derivados del uso incorrecto o ilegal de la informaci\u00f3n proporcionada.<\/p><h4>\u00a0<\/h4><h4><strong>Propiedad Intelectual e Industrial<\/strong><\/h4><p>Los contenidos de este sitio web, incluyendo textos, im\u00e1genes, marcas, gr\u00e1ficos, logotipos, y cualquier otro material son propiedad del Responsable o cuentan con la autorizaci\u00f3n de los titulares correspondientes. Todo uso indebido de estos elementos, sin autorizaci\u00f3n previa, ser\u00e1 considerado una violaci\u00f3n grave de la propiedad intelectual o industrial.<\/p><h4>\u00a0<\/h4><h4><strong>Exenci\u00f3n de Responsabilidades<\/strong><\/h4><p>EUPP &#8211; EUROPEAN PRIVACY PROTECT no se hace responsable por interrupciones o errores en el sitio web causados por fallos t\u00e9cnicos, mantenimiento, o factores externos. Asimismo, el Responsable se exime de cualquier responsabilidad derivada de la informaci\u00f3n publicada en el sitio web por terceros.<\/p><h4>\u00a0<\/h4><h4><strong>Enlaces de Terceros<\/strong><\/h4><p>El sitio web puede contener enlaces a sitios de terceros, sobre los cuales EUPP &#8211; EUROPEAN PRIVACY PROTECT no tiene control ni asume responsabilidad alguna.<\/p><h4>\u00a0<\/h4><h4><strong>Ley Aplicable y Jurisdicci\u00f3n<\/strong><\/h4><p>Las relaciones entre el Responsable y los usuarios se rigen por la legislaci\u00f3n espa\u00f1ola y cualquier disputa se someter\u00e1 a los juzgados y tribunales espa\u00f1oles.<\/p><h4>\u00a0<\/h4><h4><strong>Contacto<\/strong><\/h4><p>Para cualquier consulta relacionada con estas Condiciones de Uso o el sitio web, los usuarios pueden contactar con EUPP &#8211; EUROPEAN PRIVACY PROTECT a trav\u00e9s de los medios proporcionados.<\/p>\t\t\t\t\t\t<\/div>\n\t\t\t\t<\/div>\n\t\t\t\t\t<\/div>\n\t\t\t\t<\/div>\n\t\t\t\t\t\t\t<\/div>\n\t\t","protected":false},"excerpt":{"rendered":"<p>Aviso legal Cumplimiento de la Ley de los Servicios de la Sociedad de la Informaci\u00f3n (LSSI) EUPP &#8211; EUROPEAN PRIVACY PROTECT, en adelante denominado como el \u00abResponsable\u00bb del sitio web, cumple con las disposiciones de la Ley 34\/2002, de 11 de julio, de Servicios de la Sociedad de la Informaci\u00f3n y de Comercio Electr\u00f3nico (LSSICE), [&hellip;]<\/p>\n","protected":false},"author":1,"featured_media":0,"parent":0,"menu_order":0,"comment_status":"closed","ping_status":"closed","template":"","meta":{"footnotes":""},"class_list":["post-312","page","type-page","status-publish","hentry"],"_links":{"self":[{"href":"https:\/\/eupp.es\/index.php\/wp-json\/wp\/v2\/pages\/312","targetHints":{"allow":["GET"]}}],"collection":[{"href":"https:\/\/eupp.es\/index.php\/wp-json\/wp\/v2\/pages"}],"about":[{"href":"https:\/\/eupp.es\/index.php\/wp-json\/wp\/v2\/types\/page"}],"author":[{"embeddable":true,"href":"https:\/\/eupp.es\/index.php\/wp-json\/wp\/v2\/users\/1"}],"replies":[{"embeddable":true,"href":"https:\/\/eupp.es\/index.php\/wp-json\/wp\/v2\/comments?post=312"}],"version-history":[{"count":37,"href":"https:\/\/eupp.es\/index.php\/wp-json\/wp\/v2\/pages\/312\/revisions"}],"predecessor-version":[{"id":350,"href":"https:\/\/eupp.es\/index.php\/wp-json\/wp\/v2\/pages\/312\/revisions\/350"}],"wp:attachment":[{"href":"https:\/\/eupp.es\/index.php\/wp-json\/wp\/v2\/media?parent=312"}],"curies":[{"name":"wp","href":"https:\/\/api.w.org\/{rel}","templated":true}]}}